083
What are the prime factors of 107528?
2, 13441
What are the prime factors of 32223449?
17, 19, 67, 1489
List the prime factors of 294000.
2, 3, 5, 7
List the prime factors of 990961.
990961
What are the prime factors of 5372719?
11, 109, 4481
What are the prime factors of 779772?
2, 3, 7, 9283
What are the prime factors of 274883?
7, 107, 367
What are the prime factors of 9197301?
3, 1051, 2917
What are the prime factors of 7974?
2, 3, 443
List the prime factors of 991374.
2, 3, 165229
List the prime factors of 449921.
449921
List the prime factors of 9901633.
7, 17, 83207
What are the prime factors of 114680?
2, 5, 47, 61
What are the prime factors of 82250?
2, 5, 7, 47
What are the prime factors of 101899?
7, 14557
List the prime factors of 12881915.
5, 53, 48611
What are the prime factors of 987319?
31, 31849
List the prime factors of 3756553.
293, 12821
What are the prime factors of 1102928?
2, 29, 2377
List the prime factors of 6172817.
7, 101, 8731
List the prime factors of 97234.
2, 61, 797
List the prime factors of 4422773.
4422773
List the prime factors of 3387386.
2, 17, 67, 1487
List the prime factors of 611789.
367, 1667
List the prime factors of 343434.
2, 3, 7, 13, 17, 37
List the prime factors of 2007547.
17, 269, 439
List the prime factors of 3403173.
3, 1134391
List the prime factors of 1067555.
5, 89, 2399
List the prime factors of 4227470.
2, 5, 13, 31, 1049
List the prime factors of 32381766.
2, 3, 1798987
List the prime factors of 5402582.
2, 331, 8161
What are the prime factors of 2182685?
5, 29, 15053
What are the prime factors of 107334?
2, 3, 67, 89
List the prime factors of 10320044.
2, 7, 59, 6247
What are the prime factors of 1419851?
19, 74729
List the prime factors of 378451.
337, 1123
List the prime factors of 699537.
3, 251, 929
What are the prime factors of 495439?
7, 10111
What are the prime factors of 3836354?
2, 23, 83399
What are the prime factors of 348300?
2, 3, 5, 43
List the prime factors of 28462526.
2, 31, 83, 5531
What are the prime factors of 22188565?
5, 7, 71, 8929
List the prime factors of 38774.
2, 19387
List the prime factors of 7857749.
2137, 3677
List the prime factors of 2943430.
2, 5, 7, 6007
What are the prime factors of 3478420?
2, 5, 11, 97, 163
What are the prime factors of 2576115?
3, 5, 19, 23, 131
List the prime factors of 507177.
3, 11, 47, 109
List the prime factors of 138998.
2, 69499
What are the prime factors of 520213?
520213
List the prime factors of 436576.
2, 7, 1949
List the prime factors of 1334520.
2, 3, 5, 11, 337
List the prime factors of 71770.
2, 5, 7177
List the prime factors of 14983813.
13, 67, 17203
What are the prime factors of 2107201?
17, 123953
What are the prime factors of 583094?
2, 291547
What are the prime factors of 4275975?
3, 5, 11, 71, 73
List the prime factors of 2425223.
31, 78233
What are the prime factors of 1898671?
109, 17419
What are the prime factors of 39389497?
7, 37, 152083
List the prime factors of 217208.
2, 19, 1429
List the prime factors of 13196248.
2, 13, 223, 569
What are the prime factors of 30380730?
2, 3, 5, 1012691
What are the prime factors of 160690?
2, 5, 16069
What are the prime factors of 10600692?
2, 3, 883391
List the prime factors of 283191.
3, 94397
List the prime factors of 1433005.
5, 7, 5849
What are the prime factors of 62603?
62603
What are the prime factors of 12190762?
2, 6095381
What are the prime factors of 8286399?
3, 11, 83701
List the prime factors of 764913.
3, 254971
What are the prime factors of 2933522?
2, 167, 8783
What are the prime factors of 542074?
2, 13, 20849
What are the prime factors of 27789?
3, 59, 157
List the prime factors of 119816.
2, 17, 881
List the prime factors of 935456.
2, 23, 31, 41
What are the prime factors of 1238230?
2, 5, 7, 19
List the prime factors of 1231643.
7, 175949
What are the prime factors of 77891?
11, 73, 97
What are the prime factors of 174302?
2, 87151
List the prime factors of 2998046.
2, 43, 71, 491
List the prime factors of 255732.
2, 3, 101, 211
What are the prime factors of 260008?
2, 7, 4643
What are the prime factors of 3033058?
2, 7, 216647
List the prime factors of 1420022.
2, 19, 37369
What are the prime factors of 509145?
3, 5, 7, 13, 373
What are the prime factors of 5647242?
2, 3, 941207
List the prime factors of 78836.
2, 19709
What are the prime factors of 212441?
109, 1949
List the prime factors of 415785.
3, 5, 53, 523
List the prime factors of 315395.
5, 63079
List the prime factors of 871323.
3, 290441
What are the prime factors of 3143385?
3, 5, 7, 17, 587
List the prime factors of 1215978.
2, 3, 41, 4943
What are the prime factors of 2144207?
13, 19, 8681
What are the prime factors of 71692?
2, 17923
List the prime factors of 320560.
2, 5, 4007
List the prime factors of 790776.
2, 3, 7, 523
What are the prime factors of 1456816?
2, 83, 1097
List the prime factors of 21825845.
5, 797, 5477
List the prime factors of 2961549.
3, 19, 23, 251
List the prime factors of 2087837.
2087837
List the prime factors of 23084367.
3, 31, 401, 619
What are the prime factors of 66193?
37, 1789
What are the prime factors of 258218?
2, 41, 47, 67
What are the prime factors of 604858?
2, 302429
What are the prime factors of 12021074?
2, 13, 17, 27197
What are the prime factors of 903685?
5, 149, 1213
What are the prime factors of 2412715?
5, 19, 109, 233
List the prime factors of 1027636.
2, 199, 1291
List the prime factors of 320854.
2, 137, 1171
List the prime factors of 10645504.
2, 23, 113
List the prime factors of 2073725.
5, 109, 761
List the prime factors of 3091799.
3091799
List the prime factors of 26136.
2, 3, 11
List the prime factors of 1811491.
11, 1361
What are the prime factors of 3024120?
2, 3, 5, 11, 29, 79
What are the prime factors of 399104?
2, 1559
What are the prime factors of 12880871?
79, 103, 1583
What are the prime factors of 1613734?
2, 29, 27823
What are the prime factors of 1973096?
2, 246637
List the prime factors of 7040.
2, 5, 11
List the prime factors of 103630.
2, 5, 43, 241
What are the prime factors of 1849889?
17, 37, 173
List the prime factors of 276270.
2, 3, 5, 9209
List the prime factors of 6637278.
2, 3, 1106213
List the prime factors of 4439005.
5, 487, 1823
List the prime factors of 1177389.
3, 43607
What are the prime factors of 651132?
2, 3, 6029
List the prime factors of 5601684.
2, 3, 11, 42437
List the prime factors of 255886.
2, 97, 1319
What are the prime factors of 863708?
2, 215927
What are the prime factors of 121452?
2, 3, 29, 349
What are the prime factors of 68160?
2, 3, 5, 71
What are the prime factors of 389412?
2, 3, 29, 373
What are the prime factors of 2611914?
2, 3, 17, 29, 883
What are the prime factors of 1032427?
11, 17, 5521
What are the prime factors of 310729?
310729
List the prime factors of 2196038.
2, 13, 84463
List the prime factors of 1164487.
271, 4297
What are the prime factors of 1624074?
2, 3, 270679
What are the prime factors of 477627?
3, 159209
What are the prime factors of 2265942?
2, 3, 7, 53951
What are the prime factors of 499885?
5, 17, 5881
List the prime factors of 117492.
2, 3, 9791
List the prime factors of 2105349.
3, 701783
What are the prime factors of 1586684?
2, 11, 36061
List the prime factors of 13260555.
3, 5, 7, 11, 43, 89
What are the prime factors of 393063?
3, 11, 43, 277
List the prime factors of 11286305.
5, 131, 17231
What are the prime factors of 395630?
2, 5, 39563
List the prime factors of 214076.
2, 109, 491
List the prime factors of 3397674.
2, 3, 7, 80897
List the prime factors of 23519323.
43, 546961
List the prime factors of 799375.
5, 1279
What are the prime factors of 1248840?
2, 3, 5, 3469
What are the prime factors of 121600?
2, 5, 19
What are the prime factors of 140757?
3, 46919
List the prime factors of 168087.
3, 43, 1303
What are the prime factors of 210900?
2, 3, 5, 19, 37
List the prime factors of 61585.
5, 109, 113
What are the prime factors of 285855?
3, 5, 17, 19, 59
What are the prime factors of 18305?
5, 7, 523
List the prime factors of 698054.
2, 7, 17, 419
List the prime factors of 230073.
3, 53, 1447
List the prime factors of 1177340.
2, 5, 37, 43
What are the prime factors of 9948423?
3, 397, 8353
What are the prime factors of 